{"id":7,"date":"2016-09-18T14:48:49","date_gmt":"2016-09-18T11:48:49","guid":{"rendered":"http:\/\/omeryildiz.istanbul\/?page_id=2"},"modified":"2023-11-27T19:07:23","modified_gmt":"2023-11-27T19:07:23","slug":"bio","status":"publish","type":"page","link":"https:\/\/www.omeryildiz.istanbul\/","title":{"rendered":"\u00d6zge\u00e7mi\u015f"},"content":{"rendered":"<p style=\"padding-left: 40px;\">1982\u2019de \u0130.T.\u00dc. Makine Fak\u00fcltesi U\u00e7ak M\u00fchendisli\u011fi b\u00f6l\u00fcm\u00fcnden mezun olan 1985-1993 d\u00f6nemleri aras\u0131nda A.B.D. Michigan \u00dcniversitesi Uzay ve Havac\u0131l\u0131k b\u00f6l\u00fcm\u00fcnde y\u00fcksek lisans ve doktora \u00e7al\u0131\u015fmalar\u0131 yapan YILDIZ, 1993-1998 d\u00f6nemleri aras\u0131nda \u0130.T.\u00dc Fen Bilimleri Enstit\u00fcs\u00fc U\u00e7ak M\u00fchendisli\u011fi b\u00f6l\u00fcm\u00fcnde doktora \u00e7al\u0131\u015fmalar\u0131na devam etti.<\/p>\n<p style=\"padding-left: 40px;\">1997-2005 d\u00f6nemleri aras\u0131nda 8 y\u0131l boyunca \u0130stanbul Ula\u015f\u0131m A.\u015e.\u2019de Genel M\u00fcd\u00fcr Yard\u0131mc\u0131s\u0131 olarak \u00e7al\u0131\u015fan YILDIZ, 2005-2007 d\u00f6nemleri aras\u0131nda \u0130stanbul B\u00fcy\u00fck\u015fehir Belediyesi \u0130SBAK A.\u015e.\u2019de Genel M\u00fcd\u00fcr Yard\u0131mc\u0131s\u0131 olarak g\u00f6rev yapt\u0131. 13 Kas\u0131m 2007 tarihinde \u0130stanbul Ula\u015f\u0131m A.\u015e.\u2019ye Genel M\u00fcd\u00fcr olarak atanan YILDIZ, daha sonras\u0131nda TCDD Genel M\u00fcd\u00fcrl\u00fc\u011f\u00fc g\u00f6revini y\u00fcr\u00fctm\u00fc\u015ft\u00fcr. Ard\u0131ndan TUSA\u015e-T\u00fcrk Havac\u0131l\u0131k ve Uzay Sanayiinde \u0130nsans\u0131z Hava Ara\u00e7lar\u0131 Genel M\u00fcd\u00fcr Yard\u0131mc\u0131l\u0131\u011f\u0131 g\u00f6revini yerine getirmi\u015ftir. Evli ve 3 \u00e7ocuk babas\u0131d\u0131r. Evli ve 3 \u00e7ocuk babas\u0131d\u0131r.<\/p>\n","protected":false},"excerpt":{"rendered":"<p>1982\u2019de \u0130.T.\u00dc. Makine Fak\u00fcltesi U\u00e7ak M\u00fchendisli\u011fi b\u00f6l\u00fcm\u00fcnden mezun olan 1985-1993 d\u00f6nemleri aras\u0131nda A.B.D. Michigan \u00dcniversitesi Uzay ve Havac\u0131l\u0131k b\u00f6l\u00fcm\u00fcnde y\u00fcksek lisans ve doktora \u00e7al\u0131\u015fmalar\u0131 yapan YILDIZ, 1993-1998 d\u00f6nemleri aras\u0131nda \u0130.T.\u00dc Fen Bilimleri Enstit\u00fcs\u00fc U\u00e7ak M\u00fchendisli\u011fi b\u00f6l\u00fcm\u00fcnde doktora \u00e7al\u0131\u015fmalar\u0131na devam etti. 1997-2005 d\u00f6nemleri aras\u0131nda 8 y\u0131l boyunca \u0130stanbul Ula\u015f\u0131m A.\u015e.\u2019de Genel [&hellip;]<\/p>\n","protected":false},"author":1,"featured_media":0,"parent":0,"menu_order":0,"comment_status":"closed","ping_status":"open","template":"","meta":[],"_links":{"self":[{"href":"https:\/\/www.omeryildiz.istanbul\/index.php?rest_route=\/wp\/v2\/pages\/7"}],"collection":[{"href":"https:\/\/www.omeryildiz.istanbul\/index.php?rest_route=\/wp\/v2\/pages"}],"about":[{"href":"https:\/\/www.omeryildiz.istanbul\/index.php?rest_route=\/wp\/v2\/types\/page"}],"author":[{"embeddable":true,"href":"https:\/\/www.omeryildiz.istanbul\/index.php?rest_route=\/wp\/v2\/users\/1"}],"replies":[{"embeddable":true,"href":"https:\/\/www.omeryildiz.istanbul\/index.php?rest_route=%2Fwp%2Fv2%2Fcomments&post=7"}],"version-history":[{"count":1,"href":"https:\/\/www.omeryildiz.istanbul\/index.php?rest_route=\/wp\/v2\/pages\/7\/revisions"}],"predecessor-version":[{"id":25,"href":"https:\/\/www.omeryildiz.istanbul\/index.php?rest_route=\/wp\/v2\/pages\/7\/revisions\/25"}],"wp:attachment":[{"href":"https:\/\/www.omeryildiz.istanbul\/index.php?rest_route=%2Fwp%2Fv2%2Fmedia&parent=7"}],"curies":[{"name":"wp","href":"https:\/\/api.w.org\/{rel}","templated":true}]}}